{"id":825,"date":"2023-08-07T17:14:32","date_gmt":"2023-08-07T20:14:32","guid":{"rendered":"https:\/\/eleicao.sinasefesp.org.br\/?page_id=825"},"modified":"2023-08-07T17:14:32","modified_gmt":"2023-08-07T20:14:32","slug":"recursos","status":"publish","type":"page","link":"https:\/\/rede.sinasefesp.org.br\/eleicao2025\/as-chapas\/recursos\/","title":{"rendered":"Recursos"},"content":{"rendered":"\n<p>A Comiss\u00e3o Eleitoral torna p\u00fablica a resposta aos recursos interpostos durante o processo de inscri\u00e7\u00e3o de chapas. <br><mark class=\"has-inline-color has-nv-c-2-color\">___<br><\/mark><br><strong>RECURSO 1:<\/strong> Resposta ao recurso da Chapa Retomada da luta pela base SPL.<\/p>\n\n\n\n<div data-wp-interactive=\"core\/file\" class=\"wp-block-file\"><object aria-label=\"Incorporar PDF\" data-wp-bind--hidden=\"!state.hasPdfPreview\" hidden><\/object><a id=\"wp-block-file--media-d4b57e76-8508-4378-8673-ca4affedcdee\" href=\"https:\/\/eleicao.sinasefesp.org.br\/wp-content\/uploads\/2023\/08\/Resposta_ao_recurso_Retomada_da_luta_pela_base_SPL_assinado.pdf\">Resposta_ao_recurso_Retomada_da_luta_pela_base_SPL_assinado<\/a><a href=\"https:\/\/eleicao.sinasefesp.org.br\/wp-content\/uploads\/2023\/08\/Resposta_ao_recurso_Retomada_da_luta_pela_base_SPL_assinado.pdf\" class=\"wp-block-file__button wp-element-button\" download aria-describedby=\"wp-block-file--media-d4b57e76-8508-4378-8673-ca4affedcdee\">Baixar<\/a><\/div>\n\n\n\n<p><\/p>\n\n\n\n<p><strong>RECURSO 2: <\/strong>Resposta ao recurso da Chapa Utopia e pr\u00e1xis.<\/p>\n\n\n\n<div data-wp-interactive=\"core\/file\" class=\"wp-block-file\"><object aria-label=\"Incorporar PDF\" data-wp-bind--hidden=\"!state.hasPdfPreview\" hidden><\/object><a id=\"wp-block-file--media-f21e3094-ded0-467e-af98-da7591c3b5e5\" href=\"https:\/\/eleicao.sinasefesp.org.br\/wp-content\/uploads\/2023\/08\/Respostas_ao_Recurso_Utopia_e_praxia_assinado.pdf\">Respostas_ao_Recurso_Utopia_e_praxia_assinado<\/a><a href=\"https:\/\/eleicao.sinasefesp.org.br\/wp-content\/uploads\/2023\/08\/Respostas_ao_Recurso_Utopia_e_praxia_assinado.pdf\" class=\"wp-block-file__button wp-element-button\" download aria-describedby=\"wp-block-file--media-f21e3094-ded0-467e-af98-da7591c3b5e5\">Baixar<\/a><\/div>\n\n\n\n<p><br><\/p>\n","protected":false},"excerpt":{"rendered":"<p>A Comiss\u00e3o Eleitoral torna p\u00fablica a resposta aos recursos interpostos durante o processo de inscri\u00e7\u00e3o de chapas. ___RECURSO 1: Resposta ao recurso da Chapa Retomada da luta pela base SPL. RECURSO 2: Resposta ao recurso da Chapa Utopia e pr\u00e1xis.<\/p>\n","protected":false},"author":15,"featured_media":0,"parent":466,"menu_order":0,"comment_status":"closed","ping_status":"closed","template":"","meta":{"neve_meta_sidebar":"","neve_meta_container":"","neve_meta_enable_content_width":"","neve_meta_content_width":0,"neve_meta_title_alignment":"","neve_meta_author_avatar":"","neve_post_elements_order":"","neve_meta_disable_header":"","neve_meta_disable_footer":"","neve_meta_disable_title":"","footnotes":""},"class_list":["post-825","page","type-page","status-publish","hentry"],"_links":{"self":[{"href":"https:\/\/rede.sinasefesp.org.br\/eleicao2025\/wp-json\/wp\/v2\/pages\/825","targetHints":{"allow":["GET"]}}],"collection":[{"href":"https:\/\/rede.sinasefesp.org.br\/eleicao2025\/wp-json\/wp\/v2\/pages"}],"about":[{"href":"https:\/\/rede.sinasefesp.org.br\/eleicao2025\/wp-json\/wp\/v2\/types\/page"}],"author":[{"embeddable":true,"href":"https:\/\/rede.sinasefesp.org.br\/eleicao2025\/wp-json\/wp\/v2\/users\/15"}],"replies":[{"embeddable":true,"href":"https:\/\/rede.sinasefesp.org.br\/eleicao2025\/wp-json\/wp\/v2\/comments?post=825"}],"version-history":[{"count":0,"href":"https:\/\/rede.sinasefesp.org.br\/eleicao2025\/wp-json\/wp\/v2\/pages\/825\/revisions"}],"up":[{"embeddable":true,"href":"https:\/\/rede.sinasefesp.org.br\/eleicao2025\/wp-json\/wp\/v2\/pages\/466"}],"wp:attachment":[{"href":"https:\/\/rede.sinasefesp.org.br\/eleicao2025\/wp-json\/wp\/v2\/media?parent=825"}],"curies":[{"name":"wp","href":"https:\/\/api.w.org\/{rel}","templated":true}]}}