{"id":764,"date":"2023-07-24T17:26:17","date_gmt":"2023-07-24T20:26:17","guid":{"rendered":"https:\/\/eleicao.sinasefesp.org.br\/?p=764"},"modified":"2023-07-24T17:26:17","modified_gmt":"2023-07-24T20:26:17","slug":"inscricao-de-chapa","status":"publish","type":"page","link":"https:\/\/rede.sinasefesp.org.br\/eleicao2025\/inscricao-de-chapa\/","title":{"rendered":"Inscri\u00e7\u00e3o de Chapa"},"content":{"rendered":"<div class=\"wp-block-image\">\n<figure class=\"alignleft size-full is-resized\"><img loading=\"lazy\" decoding=\"async\" src=\"https:\/\/eleicao.sinasefesp.org.br\/wp-content\/uploads\/2023\/07\/confirma.jpg\" alt=\"\" class=\"wp-image-765\" width=\"345\" height=\"344\" srcset=\"https:\/\/rede.sinasefesp.org.br\/eleicao2025\/wp-content\/uploads\/sites\/2\/2023\/07\/confirma.jpg 347w, https:\/\/rede.sinasefesp.org.br\/eleicao2025\/wp-content\/uploads\/sites\/2\/2023\/07\/confirma-300x300.jpg 300w, https:\/\/rede.sinasefesp.org.br\/eleicao2025\/wp-content\/uploads\/sites\/2\/2023\/07\/confirma-150x150.jpg 150w\" sizes=\"auto, (max-width: 345px) 100vw, 345px\" \/><\/figure>\n<\/div>\n\n\n<p>A comiss\u00e3o eleitoral disponibiliza o<strong> formul\u00e1rio para inscri\u00e7\u00e3o<\/strong> de candidatura e o <strong>documento de autodeclara\u00e7\u00e3o racial<\/strong>, conforme as regras previstas no <a href=\"https:\/\/eleicao.sinasefesp.org.br\/codigo-eleitoral\/\">C\u00f3digo Eleitoral<\/a> que regulamenta este processo. <br><br>O per\u00edodo para a inscri\u00e7\u00e3o de chapas vai de <strong>24 a 28 de julho de 2023<\/strong>.<\/p>\n\n\n\n<p>Lembramos que:<\/p>\n\n\n\n<p>A Coordena\u00e7\u00e3o Funcional ser\u00e1 constitu\u00edda por membros reunidos em chapas, com 50% (cinquenta por cento) das vagas reservadas para o g\u00eanero feminino. Al\u00e9m disso, 30% (trinta por cento) da composi\u00e7\u00e3o geral da Coordena\u00e7\u00e3o Funcional deve ser de pessoas pretas, pardas ou ind\u00edgenas.<\/p>\n\n\n\n<p class=\"has-text-align-left\"><strong><a href=\"https:\/\/docs.google.com\/forms\/d\/e\/1FAIpQLSfniXYaBtwE_UWuZREIqubt0csuPqO-rZkBXk3FgbJFNhBDYw\/viewform?usp=sf_link\">Preencha o FORMUL\u00c1RIO<\/a><\/strong><br><br><strong>Preencha a Autodeclara\u00e7\u00e3o Racial <\/strong>(abaixo) e<strong> envie<\/strong> para o endere\u00e7o eletr\u00f4nico <strong>comissao.eleitoral@sinasefesp.org.br<\/strong><\/p>\n\n\n\n<div class=\"wp-block-file\"><a id=\"wp-block-file--media-5540d126-2e6b-4295-9db4-7b7aa41d21d7\" href=\"https:\/\/eleicao.sinasefesp.org.br\/wp-content\/uploads\/2023\/07\/Autodeclaracao_Racial.docx\"><strong>Autodeclaracao_Racial<\/strong><\/a><a href=\"https:\/\/eleicao.sinasefesp.org.br\/wp-content\/uploads\/2023\/07\/Autodeclaracao_Racial.docx\" class=\"wp-block-file__button wp-element-button\" download aria-describedby=\"wp-block-file--media-5540d126-2e6b-4295-9db4-7b7aa41d21d7\">Baixar<\/a><\/div>\n\n\n\n<p><\/p>\n","protected":false},"excerpt":{"rendered":"<p>A comiss\u00e3o eleitoral disponibiliza o formul\u00e1rio para inscri\u00e7\u00e3o de candidatura e o documento de autodeclara\u00e7\u00e3o racial, conforme as regras previstas no C\u00f3digo Eleitoral que regulamenta este processo. O per\u00edodo para a inscri\u00e7\u00e3o de chapas vai de 24 a 28 de julho de 2023. Lembramos que: A Coordena\u00e7\u00e3o Funcional ser\u00e1 constitu\u00edda por membros reunidos em chapas,&hellip;&nbsp;<\/p>\n","protected":false},"author":15,"featured_media":0,"parent":0,"menu_order":0,"comment_status":"open","ping_status":"closed","template":"","meta":{"neve_meta_sidebar":"","neve_meta_container":"","neve_meta_enable_content_width":"","neve_meta_content_width":0,"neve_meta_title_alignment":"","neve_meta_author_avatar":"","neve_post_elements_order":"","neve_meta_disable_header":"","neve_meta_disable_footer":"","neve_meta_disable_title":"","footnotes":""},"class_list":["post-764","page","type-page","status-publish","hentry"],"_links":{"self":[{"href":"https:\/\/rede.sinasefesp.org.br\/eleicao2025\/wp-json\/wp\/v2\/pages\/764","targetHints":{"allow":["GET"]}}],"collection":[{"href":"https:\/\/rede.sinasefesp.org.br\/eleicao2025\/wp-json\/wp\/v2\/pages"}],"about":[{"href":"https:\/\/rede.sinasefesp.org.br\/eleicao2025\/wp-json\/wp\/v2\/types\/page"}],"author":[{"embeddable":true,"href":"https:\/\/rede.sinasefesp.org.br\/eleicao2025\/wp-json\/wp\/v2\/users\/15"}],"replies":[{"embeddable":true,"href":"https:\/\/rede.sinasefesp.org.br\/eleicao2025\/wp-json\/wp\/v2\/comments?post=764"}],"version-history":[{"count":0,"href":"https:\/\/rede.sinasefesp.org.br\/eleicao2025\/wp-json\/wp\/v2\/pages\/764\/revisions"}],"wp:attachment":[{"href":"https:\/\/rede.sinasefesp.org.br\/eleicao2025\/wp-json\/wp\/v2\/media?parent=764"}],"curies":[{"name":"wp","href":"https:\/\/api.w.org\/{rel}","templated":true}]}}