{"id":22,"date":"2022-04-08T16:00:56","date_gmt":"2022-04-08T19:00:56","guid":{"rendered":"https:\/\/eleicao34consinasefe.sinasefesp.org.br\/?page_id=22"},"modified":"2022-04-08T16:00:56","modified_gmt":"2022-04-08T19:00:56","slug":"calendario-eleitoral","status":"publish","type":"page","link":"https:\/\/rede.sinasefesp.org.br\/eleicao2025\/calendario-eleitoral\/","title":{"rendered":"Calend\u00e1rio Eleitoral"},"content":{"rendered":"\n<p><strong>ASSEMBLEIAS<br><\/strong>Assembleia de aprova\u00e7\u00e3o do Sistema Eleitoral: 22\/06\/2023<br>Assembleia de aprova\u00e7\u00e3o do C\u00f3digo Eleitoral: 22\/06\/2023<br><br><strong>CONVOCA\u00c7\u00c3O<br><\/strong>Publica\u00e7\u00e3o do <strong>Edital de Convoca\u00e7\u00e3o:<\/strong> 27\/06\/2023<br>Publica\u00e7\u00e3o da lista de votantes aptos(as): 03\/07\/2023<br>Per\u00edodo de recurso referente \u00e0 lista de votantes aptos(as): 04\/07\/2023 e 05\/07\/2023<br><strong>Homologa\u00e7\u00e3o da lista de votantes aptos(as): <\/strong>07\/07\/2023<br><br><strong>INSCRI\u00c7\u00d5ES DE CHAPAS:<\/strong> 24\/07\/2023 a 28\/07\/2023<br>Publica\u00e7\u00e3o das inscri\u00e7\u00f5es de chapas habilitadas: 04\/08\/2023<br>Per\u00edodo de recurso referente \u00e0 lista de chapas aptas: 05\/08\/2023<br><strong>Homologa\u00e7\u00e3o das chapas inscritas:<\/strong> 07\/08\/2023<br><br><strong>CAMPANHA ELEITORAL:<\/strong> de 8 a 24 de agosto de 2023<br><br><strong>ELEI\u00c7\u00c3O: <\/strong>dia 25 de agosto de 2023 <br><strong><mark style=\"background-color:var(--nv-c-2)\" class=\"has-inline-color\">(( Por plataforma virtual, tendo in\u00edcio \u00e0s 8h e t\u00e9rmino \u00e0s 20h. ))<\/mark><\/strong><br><br><strong>APURA\u00c7\u00c3O<\/strong><br>Publica\u00e7\u00e3o do Resultado da Elei\u00e7\u00e3o: 25\/08\/2023<br>Per\u00edodo para recursos do resultado da elei\u00e7\u00e3o: 26\/08\/2023 e 27\/08\/2023<br>Publica\u00e7\u00e3o da resposta aos recursos: 28\/08\/2023<br>Chamamento de Cargos das Chapas Eleitas: 29\/08\/2023<br><br><strong>POSSE<\/strong><br>Cerim\u00f4nia de assinatura dos documentos de posse da Coordena\u00e7\u00e3o Funcional: 04\/09\/2023<br><strong>Posse da Coordena\u00e7\u00e3o Funcional:<\/strong> 04\/10\/2023<\/p>\n","protected":false},"excerpt":{"rendered":"<p>ASSEMBLEIASAssembleia de aprova\u00e7\u00e3o do Sistema Eleitoral: 22\/06\/2023Assembleia de aprova\u00e7\u00e3o do C\u00f3digo Eleitoral: 22\/06\/2023 CONVOCA\u00c7\u00c3OPublica\u00e7\u00e3o do Edital de Convoca\u00e7\u00e3o: 27\/06\/2023Publica\u00e7\u00e3o da lista de votantes aptos(as): 03\/07\/2023Per\u00edodo de recurso referente \u00e0 lista de votantes aptos(as): 04\/07\/2023 e 05\/07\/2023Homologa\u00e7\u00e3o da lista de votantes aptos(as): 07\/07\/2023 INSCRI\u00c7\u00d5ES DE CHAPAS: 24\/07\/2023 a 28\/07\/2023Publica\u00e7\u00e3o das inscri\u00e7\u00f5es de chapas habilitadas: 04\/08\/2023Per\u00edodo de&hellip;&nbsp;<\/p>\n","protected":false},"author":14,"featured_media":0,"parent":0,"menu_order":0,"comment_status":"closed","ping_status":"closed","template":"","meta":{"neve_meta_sidebar":"","neve_meta_container":"","neve_meta_enable_content_width":"","neve_meta_content_width":0,"neve_meta_title_alignment":"","neve_meta_author_avatar":"","neve_post_elements_order":"","neve_meta_disable_header":"","neve_meta_disable_footer":"","neve_meta_disable_title":"","footnotes":""},"class_list":["post-22","page","type-page","status-publish","hentry"],"_links":{"self":[{"href":"https:\/\/rede.sinasefesp.org.br\/eleicao2025\/wp-json\/wp\/v2\/pages\/22","targetHints":{"allow":["GET"]}}],"collection":[{"href":"https:\/\/rede.sinasefesp.org.br\/eleicao2025\/wp-json\/wp\/v2\/pages"}],"about":[{"href":"https:\/\/rede.sinasefesp.org.br\/eleicao2025\/wp-json\/wp\/v2\/types\/page"}],"author":[{"embeddable":true,"href":"https:\/\/rede.sinasefesp.org.br\/eleicao2025\/wp-json\/wp\/v2\/users\/14"}],"replies":[{"embeddable":true,"href":"https:\/\/rede.sinasefesp.org.br\/eleicao2025\/wp-json\/wp\/v2\/comments?post=22"}],"version-history":[{"count":0,"href":"https:\/\/rede.sinasefesp.org.br\/eleicao2025\/wp-json\/wp\/v2\/pages\/22\/revisions"}],"wp:attachment":[{"href":"https:\/\/rede.sinasefesp.org.br\/eleicao2025\/wp-json\/wp\/v2\/media?parent=22"}],"curies":[{"name":"wp","href":"https:\/\/api.w.org\/{rel}","templated":true}]}}